 + 162476, -7*m + 3*f - 406198 = -2*m. Let z = m + 115879. Is z a composite number?
True
Let t be (-56)/(-30) + 22/165. Let w be (-10558)/3 + t/6. Let r = w - -11134. Is r prime?
False
Let f = -44 + 46. Let l(m) = 916*m**3 - m**2 + 4*m - 5. Let a be l(f). Let p = a - 4864. Is p prime?
False
Let w = 311373 + 377810. Is w composite?
True
Let j be 26*(2 - (-1113)/14). Let i = -482 + j. Is i composite?
False
Is 25036830/231 - -5 - (-6)/(-11) a prime number?
False
Suppose 3*j = -5*i + 11, -j - 2 = -4*i - 0*j. Is (-2194)/(i/((-1)/2)) a composite number?
False
Is ((-141938)/4)/(12/(-24)) a composite number?
False
Let b(k) be the first derivative of -k**5/60 + k**4/2 + 13*k**3/3 - 2*k**2 + 23. Let f(a) be the second derivative of b(a). Is f(10) a composite number?
True
Let o(w) = 171*w**2 + w - 9. Let s be o(5). Suppose -2*j - 4 = 0, 2*l - 4*j - 18 = -6. Suppose 5*y + 0*k + l*k = s, -k = -5*y + 4262. Is y a prime number?
True
Suppose 2*a = -3*u + 45660, -25*a + u - 114137 = -30*a. Suppose -2*q = -2*k + 45604, 0*q + 4*q - a = -k. Is k prime?
True
Let f = 90582 - -149891. Is f prime?
True
Suppose -36 = 4*q - 2*h, -5*h = 3*q - 0*q + 14. Let o be (18/q)/((-9)/24). Is (-5679)/o*6/(-9) composite?
False
Is (1 - 2)/(8215288/(-821528) - -10) composite?
True
Let z be 16/7 - ((-12)/(-7))/6. Suppose z*b = 63 + 107. Suppose 7*c + b = 498. Is c prime?
True
Suppose 13 = -5*d - 7. Let p(c) = 1 - 2 + 4 + 94*c - 317*c - 91*c. Is p(d) a prime number?
True
Suppose 4*c = w + 24001, 2*c - 1861 - 10143 = 4*w. Let p = -3367 + c. Suppose 6*b = p - 347. Is b composite?
True
Suppose 2*o + 3*n = -0*n - 12, -6 = 4*o - 3*n. Let s(u) = -10*u - 3. Let m be s(o). Suppose -m*q + 23*q + 1172 = 0. Is q prime?
True
Let n(q) = 71668*q**2 - 557*q - 3. Is n(-2) composite?
False
Let n(o) = 6*o - 82. Let r be n(14). Let g(q) = 415*q**2 - 6*q + 3. Is g(r) a prime number?
False
Suppose -261173 = -5*l - 7*a + 4*a, 208964 = 4*l - 4*a. Is l a composite number?
False
Let s(q) = 18*q - 17. Let b be s(-4). Let p = -81 - b. Suppose -6*x + p*x = -4, -5*x = 4*z - 15034. Is z prime?
True
Is (-80174)/(-6) + (-84)/63 prime?
False
Suppose 5*f - 17*x = -15*x + 6813, -f = -5*x - 1381. Is f composite?
False
Let q(r) = -7*r + 38. Let w be q(11). Let m = w - -58. Let a = m - -12. Is a prime?
True
Suppose 5*d - y + 9278 = 2*y, -4*y - 7448 = 4*d. Let g = d - -1053. Is -1 - (-7 - -4) - g composite?
True
Suppose 0 = -b + 4, 5 = x + 3*b - 9. Suppose -9093 = p + x*p. Let r = -1670 - p. Is r a composite number?
False
Suppose 9*n + 2500468 = 32*n. Is (n/(-8))/(1/(-2)) prime?
True
Let f(x) = 49*x**2 - 3*x - 1. Suppose 44 = -4*y + 2*y. Let g = y - -19. Is f(g) a composite number?
False
Let j = 300 - 104. Let l = j + 186. Suppose -5*n + 5*m = -603 + 33, 3*n = -5*m + l. Is n a prime number?
False
Suppose 67*x - 69*x = -189746. Is x a prime number?
True
Let w = -389998 - -670857. Is w prime?
True
Let z = 17 + -17. Let y be (49 - 6)*221 - 6. Suppose -8 = -z*q - 2*q, 3*q - y = -5*r. Is r composite?
True
Suppose 4*c = -5*a - 1245 + 10568, -5*c = 3*a - 5599. Let t = a + 1059. Suppose -3*l + s = -0*s - 4383, t = 2*l - s. Is l composite?
True
Let q be 405/4 + (-32)/128. Let l = -97 + q. Is ((18/l)/9)/(3/2382) composite?
False
Suppose -7*h + 10967 + 370498 = 5600. Is h a prime number?
False
Let l(v) = -982*v - 3. Suppose 0 = 4*x + w - 25, 2*w + 12 + 3 = 5*x. Suppose -x*f = 3*y + 17, 7*f - 2*f + 21 = -4*y. Is l(f) prime?
False
Suppose -570*y = 568*y - 1155*y + 9741. Is y a prime number?
False
Let c = -59650 - -167811. Is c prime?
True
Let h(s) = -s**2 + 13*s + 4. Let l be h(13). Suppose b - l*b + 7515 = -2*u, -12521 = -5*b + 2*u. Is b composite?
False
Suppose 1147*b = 1170*b - 1245749. Is b a prime number?
True
Let p(s) = -s**3 + 5*s**2 - 2*s - 7. Let u be p(4). Suppose 3*i + u - 13 = 0. Suppose -4*z = i*z - 2008. Is z prime?
True
Let z(h) = -1974*h - 115. Let l(i) = -i + 9. Let u be l(15). Is z(u) a prime number?
False
Let n be (4/5)/(((-66)/60)/(-11)). Suppose 6*p - 25858 = -n*p. Is p a composite number?
False
Suppose -d + 290 = 3*v, 4*v + 4*d + 137 - 537 = 0. Suppose 5*n - 15 = v. Is n composite?
True
Let l(i) be the first derivative of -14*i + 2*i**3 + 1/2*i**2 + 18. Is l(9) a composite number?
True
Suppose 63*t + 1117426 = -0*t + 2797573. Is t a composite number?
False
Let l be -4*(-4)/(-16) - -2. Is ((-17424)/(-6) - l)/1 prime?
True
Suppose -9*h + 33*h = 8*h + 22544. Is h a composite number?
False
Suppose 0 = 4*s + 160 - 48. Let i be (-21)/s + (-5361)/(-4). Suppose -2*y + 5*y = i. Is y composite?
True
Let o be 59211/15 - (-10)/(-25). Suppose -o - 10807 = -6*q. Is q composite?
False
Let f = 195560 - 81714. Is f a composite number?
True
Suppose l - 5*h = 4*l - 12, 3*h - 16 = -4*l. Suppose -4*z - 5*r - 1315 = z, -l*r = -z - 278. Let p = -139 - z. Is p composite?
False
Let l be (-1)/(-2)*866 - -1. Suppose 6124 - 22058 = 62*p. Let h = l + p. Is h a composite number?
True
Let j(t) = 1. Let b(c) = -1468*c - 39. Let m(g) = b(g) - 3*j(g). Let f be m(-18). Is f/22 - 9/((-594)/(-12)) a prime number?
False
Let h be ((-16)/(-10))/((-4)/25500*-6). Let w = h - -1871. Is w composite?
False
Let u = -3525 - -6271. Suppose 6*o - 6638 = -416. Let d = u - o. Is d composite?
False
Let r(g) = -4*g**3 + 60*g**2 - 40*g + 123. Is r(-24) composite?
True
Let s = -36086 + 67367. Suppose 12169 = -8*f + s. Is f a prime number?
True
Suppose -2*o + 14576 = -9*d + 4*d, -4*d - 21871 = -3*o. Let a = o + -4184. Is a a composite number?
False
Suppose 6*h + 270 = -12*h. Let g be (h/(90/(-404)))/((-4)/6). Let b = -34 - g. Is b a prime number?
True
Let a(i) = -2*i**2 - 31*i - 90. Let d be a(-8). Suppose -8*g = -d*g + 160842. Is g a composite number?
True
Suppose 4*h - 3*n - 3148292 = 0, -10*h - 5*n - 2361197 = -13*h. Is h a prime number?
True
Suppose -96155 = -s - 3*m, -3*s + 79761 = -10*m - 208590. Is s a composite number?
False
Let t be (-12)/((-6)/(-2)) + 8. Let y be (-88 - -2)/(2*(-2)/t). Suppose 3*w - m - y = 3*m, -68 = -3*w - 5*m. Is w a composite number?
True
Let i(s) = -s + 12. Let r be i(7). Suppose -r*c + 8 = -12. Suppose 5*v = 0, -4*v - 246 = 2*j - c*j. Is j a composite number?
True
Let v = 3 + 1. Suppose -3*x + 9 = v*t, -t + 2*t - x - 11 = 0. Suppose 11662 = 5*u + n, 4*n + t = 2*n. Is u composite?
False
Let y(s) = -s - 1. Let f = -23 + 22. Let m(a) = 51*a + 8. Let w(p) = f*m(p) - 6*y(p). Is w(-3) a prime number?
False
Suppose -79*w + 74*w + 167690 = 0. Suppose -w = -4*a + 33498. Is a a prime number?
True
Let z be (80/(-12))/(3/(-9)). Let y = z - 12. Is (1594*3/24)/(2/y) prime?
True
Let z(y) = -3222*y**3 - 3*y**2 - 12*y - 46. Let l be z(-3). Suppose -244*m + 257*m = l. Is m composite?
False
Suppose -45 = -0*n - 5*n. Suppose 0 = n*r + 2887 - 11104. Is r prime?
False
Let r = 5653 + 38916. Is r a prime number?
False
Let m = 3634674 + -2070217. Is m composite?
False
Let p = 5213 - 8923. Let c = 8137 + p. Is c a composite number?
True
Suppose -4*n - 2*k = 0, n = -k - 3*k. Suppose n = -23*j + 28*j + 60. Is 8/j + 2684/12 composite?
False
Let r(q) = -6*q + 64. Let p be r(12). Let j be ((-14)/4)/(((-36)/p)/(-9)). Suppose 4*x + j = 19. Is x prime?
True
Suppose 5*j + 4*m + 0*m = 5, 3*j - 5*m = 3. Let c = j + 52. Let k = 206 + c. Is k prime?
False
Let t = 6 + -9. Is (-160362)/(-22) - (124/(-44) - t) a composite number?
True
Let c(r) be the second derivative of r**5/20 - r**4/2 - r**3/6 + 3*r**2 - 2*r. Let d be c(6). Suppose d = -23*w + 19*w + 2084. Is w prime?
True
Suppose 0 = -7*k + 320 - 1902. Let q = 193 - k. Is q prime?
True
Suppose 108*q - 24552614 = 14628840 + 70937182. Is q a composite number?
False
Let m be (2 + 20/(-5) + -3)*-1. Suppose -5*v + m*d = -4790, 11*d = -4*v + 9*d + 3832. Is v prime?
False
Let z be (-58)/(-10) + 4/(19 - -1). Suppose 3*t - g + z*g = 20836, 20839 = 3*t + 2*g. Is t composite?
False
Let m(v) be the first derivative of 1/4*v**4 - 1 + 7*v + 0*v**2 - 5/3*v**3. Is m(6) prime?
True
Let k(x) = -19 - 97*x - 57*x + 288*x. Suppose -5*v = n - 4*n - 4, 0 = -4*n + 4*v + 8. Is k(n) a prime number?
True
Suppose 76*r - 2734796 = -886552. Is r a composite number?
True
Let n be 1*-1 - 22*(0 + -1). Suppose n*a + 128469 = 346218. Is a a composite number?
False
Suppose -3*j + 139538 = -3*p - 73900, -4*p - 213443 = -3*j. Is j a composite number?
True
L